e factors of (-8)/12*222/(-4).
37
Suppose 2*u + 48 = 3*u. Suppose -g - u = -3*g. Suppose -s = s - g. What are the prime factors of s?
2, 3
Let k = -7 + 58. What are the prime factors of k?
3, 17
Suppose 4*y = -4*v, 4*v + 3*y + 1 = -0*y. Let q be v + -1 + 2 + 13. Suppose 4*d - q = 27. List the prime factors of d.
2, 5
Suppose -3*b - 34 - 7 = c, -5*c - 2*b - 166 = 0. Let i = c + 54. List the prime factors of i.
2, 11
Let f(m) = 6 - 2 - 3 + 3*m. Let x(t) = t - 5. Let v be x(7). What are the prime factors of f(v)?
7
Suppose -5*q + w = -0*w - 115, -4*q = 5*w - 63. Let h = q + 20. Let o = h + -25. List the prime factors of o.
17
Suppose 5*n + 8 + 7 = -3*u, 0 = u - n - 3. Let g = -7 - -7. What are the prime factors of u - (g - (-1 + 4))?
3
Suppose -5*r - 2*p = -6*p - 76, r + 2*p = 4. What are the prime factors of r?
2, 3
Suppose 77 + 7 = o. What are the prime factors of o?
2, 3, 7
Suppose 0 = -5*d + 2*d - 3. What are the prime factors of 7/(d*3/(-9))?
3, 7
Let q = -22 - -16. What are the prime factors of ((-8)/(-6))/(q/(-27))?
2, 3
Suppose 2*f - f = 6. Let w = 23 + -20. Suppose 6 + f = 3*k + j, 3*j = w*k. List the prime factors of k.
3
Let m(j) = 2*j**2 + 8*j. Let l(z) = z - 6. Let v be l(0). Let n be m(v). What are the prime factors of 40/(-6)*n/(-10)?
2
Let p = 193 - 104. What are the prime factors of p?
89
Let c(s) = 13*s + 10. Let z(k) = -1. Let j(y) = -c(y) - 6*z(y). What are the prime factors of j(-3)?
5, 7
Suppose -5*f - 40 = 4*z - 0*z, -3*f + 13 = -5*z. Let m(g) = g**2 - 2. Let d be m(2). What are the prime factors of d/(-8) - 21/f?
5
Let z = -120 + 216. List the prime factors of z.
2, 3
Suppose 0 = -3*p + p + 6. Suppose 5*f = -0*v - 4*v - 50, -3*v = -p*f - 3. Let m = -1 - f. List the prime factors of m.
5
Suppose -2*y = 4*d + 26, -3*d = -3*y + 32 - 8. Let k = d - -27. List the prime factors of k.
2, 5
Suppose 0 = 3*p - 5*a + 9, -3*p + 3*a - 4 = -1. Suppose 2*u = -p*u + 20. List the prime factors of u.
5
Let y(t) = -t**3 + 8*t**2 - 7*t + 1. Let o be y(7). Suppose -k + o = -2. List the prime factors of k.
3
Let t(f) = 8*f**2 - f - 1. Let q be t(2). Let v = 25 + 18. Let a = v - q. List the prime factors of a.
2, 7
Suppose 6*r = -0*r + 84. Let q = r + 28. List the prime factors of q.
2, 3, 7
Let p(z) = -1. Let d(u) = -21*u - 2. Let t(v) = d(v) - 4*p(v). Let s be t(2). What are the prime factors of (s/6)/((-3)/9)?
2, 5
Suppose -5*c - 125 = -0*c. Let y = 13 + c. List the prime factors of y/10*10/(-4).
3
List the prime factors of (-6)/(-9) + 425/15.
29
What are the prime factors of 2/((-64)/6312*(-6)/8)?
263
Let c(n) = n + 52. Let z be c(0). Let b = -30 + z. Suppose -v + b = v. What are the prime factors of v?
11
Let x = 150 + -52. List the prime factors of x.
2, 7
Let r = -13 + 6. Let p(f) be the third derivative of -f**6/120 - 7*f**5/60 - f**4/8 - 3*f**3/2 + 3*f**2. What are the prime factors of p(r)?
2, 3
Let u(c) = -c**3 - 2*c**2 + 3*c + 2. Let j be u(-2). Let s be (-105)/(-33) + j/22. Suppose 3 = 2*a - s. What are the prime factors of a?
3
Let z = 1 + 23. List the prime factors of z.
2, 3
Suppose 4*i + 20 = 0, -5 - 30 = -5*f + 5*i. Suppose 4*t = -16, -f*k + 2*t = -k - 26. What are the prime factors of k?
2, 3
Let a = 4 + -2. Suppose 0 = 2*x - 5*u - 6, 2*x = -4*u - 5 - 7. List the prime factors of a - 3 - (x - 18).
19
Suppose -26 = -3*b + 10. What are the prime factors of (-4)/6 + 200/b?
2
Let u = 14 + -45. Let v = u - -61. List the prime factors of (-1)/(-2)*(v + 2).
2
Let m(b) = -b**3 + 6*b**2 - 3*b. Let p be m(5). Let x be 290/9 - p/45. Suppose 11 - x = -y. List the prime factors of y.
3, 7
Suppose 0*x + 18 = 3*x. Let o(q) = -q**3 + 8*q**2 - 5*q + 1. What are the prime factors of o(x)?
43
Let q = 37 - -32. List the prime factors of q.
3, 23
Suppose -6*y + 775 = -y. List the prime factors of y.
5, 31
Let x be (-2)/(1/((-1)/1)). Suppose -20 = -h - 0*t + 4*t, -3*h = -x*t - 20. What are the prime factors of h?
2
Suppose -4*j + 7 + 1 = 0. Suppose 6*h - j*h - 20 = 0. Suppose -h*a + 14 = -51. List the prime factors of a.
13
Let s be 6 + -2 + 3 + -1. Suppose -n = -3*v - 13, -4*v - 76 = 2*n - s*n. List the prime factors of n.
2, 11
Let w(g) = g**3 - 2*g**2 + 3*g. Let x be w(2). What are the prime factors of (-6)/(-9) - (-50)/x?
3
What are the prime factors of (24/9)/(1/24)?
2
Let h be -14*(1 - (-3)/(-6)). Let m = h + 25. What are the prime factors of m?
2, 3
Suppose -2 = -5*f - h, 3*f + 5*h + 5 = -7. List the prime factors of f + (15/1 - 2).
2, 7
Let y(l) = -l**2 + 8*l. Let t be y(8). Let u(d) = 0*d**3 - d**3 + 2*d**3 - 8 + 22. List the prime factors of u(t).
2, 7
Let a(t) = -t**3 - 4*t**2 + 28*t + 2. List the prime factors of a(-9).
5, 31
Suppose z - 7 = h, 5*h - 3*h - z = -9. Suppose 0 = a - 5*a. Let w = a - h. List the prime factors of w.
2
Let x(n) = n**2 - 11*n + 15. Let o be x(10). Let h be ((-2)/o)/(3/105). What are the prime factors of h*-2*(-3)/(-12)?
7
Suppose 2*y - y = 2*h - 317, 2*h - 3*y - 323 = 0. What are the prime factors of h?
157
Suppose 3*y - 40 - 75 = -l, 4*l + 3*y - 415 = 0. List the prime factors of (2/4)/(10/l).
5
Let g(h) = -9*h + 12. Let s be g(5). Let k = s + 64. List the prime factors of k.
31
Let t be 14/2*(4 + -3). Suppose 50 - 8 = 2*k. Suppose -4*n + t = -k. What are the prime factors of n?
7
Let s(u) = 10*u + 13. Let i(w) = -3*w - 4. Let x(q) = 7*i(q) + 2*s(q). Let k be x(4). Let g = k + 8. List the prime factors of g.
2
Let t(y) = -3*y + 4 + 2*y**2 + 3*y**2 - 4*y**2. Let q be t(3). Suppose 10 = 3*x + q. What are the prime factors of x?
2
Let d = -26 - -65. What are the prime factors of d?
3, 13
Let y be ((-80)/(-6))/(5/15). Let z = -5 - -9. Suppose z*w = -3*g + y, 0 = 2*g - 0*g + 2*w - 24. What are the prime factors of g?
2
Let o = -25 + 43. List the prime factors of o.
2, 3
Suppose -2*z + 0 + 90 = 4*r, -2*z + 114 = -4*r. List the prime factors of z.
3, 17
Let g(f) = -f**3 - 6*f**2 - 4*f - 4. Let l be g(-6). Let q = 28 - l. List the prime factors of q.
2
Let t = 0 + 4. Suppose 12 - 84 = -t*f. What are the prime factors of f?
2, 3
Suppose -6*b = -2*b + 12, -2*b = 5*u - 694. What are the prime factors of u?
2, 5, 7
Suppose v = -v + 4*g + 24, -40 = -5*v + 5*g. Let c(n) = -n**3 + 4*n**2 + 6*n - 5. What are the prime factors of c(v)?
19
Let f(a) be the second derivative of -a**4/12 + a**3/6 - a**2/2 + 4*a. Let j(o) = o**2 + 3*o. Let b(h) = -2*f(h) - j(h). What are the prime factors of b(6)?
2
Let n = -5 - 1. Let y = 12 + n. List the prime factors of y/(-4)*(-80)/15.
2
Let x(h) = h**3 + 22*h**2 - 29*h + 6. What are the prime factors of x(-23)?
2, 3
Suppose -3 = -n - 5*d + 4*d, 3*n + 4*d - 8 = 0. Suppose a = -1 + n. Suppose -2*o = -p + a*o - 20, -3*o + 40 = 5*p. List the prime factors of p.
5
Let l(c) = c**3 - 13*c**2 + c + 9. What are the prime factors of l(13)?
2, 11
Let w be 96/20 - 2/(-10). Let h(k) = -k**2 + 5*k + 4. Let o be h(w). Suppose o*c - 10 = 22. List the prime factors of c.
2
Let s(c) = 2*c - 4. Let u be s(3). Suppose -3 = -5*w + z + u, -10 = 2*z. Suppose w = 4*m - 0 - 40. List the prime factors of m.
2, 5
Let w(z) = -28*z. Suppose 0 = 2*l - 0*l + 2. Let j be w(l). Suppose 3*d + 2*k - k - j = 0, -2*d + 16 = -2*k. List the prime factors of d.
3
Let n = 80 - 49. List the prime factors of n.
31
Suppose 6*w + 12 = 10*w. Suppose -5*o = -w*p - 195, 0 = -o - 4*p + 23 + 16. What are the prime factors of o?
3, 13
Let d(b) = b**3 + 3*b**2 - 4*b + 2. Let u be d(-4). Suppose 0*a = u*a - 4. List the prime factors of a.
2
List the prime factors of (-10)/35 - (3 + (-186)/14).
2, 5
Suppose -5*o + 0*o + 255 = 0. What are the prime factors of o?
3, 17
Let w = -107 - -153. List the prime factors of w.
2, 23
Let t be 3/9 - 11/(-3). Suppose -5*k = -6 - t. What are the prime factors of k?
2
Let k(x) = 26*x**2 - x - 1. Let b be k(-1). Suppose n = 5*l - 34 - b, -5*l - 5*n = -30. What are the prime factors of l?
11
Let s(x) = -x**3 - 12*x**2 - 6*x - 2. What are the prime factors of s(-12)?
2, 5, 7
Let d = -6 + 4. Let c be 2 - (d - 1*-3). What are the prime factors of 2 + -2*c + 6?
2, 3
Let s be 152/(-26) - (-2)/(-13). Let j = 8 + s. What are the prime factors of (j + -3)/1*-11?
11
Let j(k) = 9*k - 2. Let t be (3/4)/((-2)/(-16)). Let m be j(t). Suppose 0 = -5*u + 20, -2*w - 2*w + m = -5*u. What are the prime factors of w?
2, 3
Suppo